 376 = 0, 20 = -5*c. What is the remainder when t is divided by 33?
25
Let i(c) = -c**3 + 21*c**2 - 2*c + 7. What is the remainder when 46 is divided by i(0)?
4
Suppose 10*l - 2228 + 1258 = 0. What is the remainder when l is divided by 28?
13
Let h(i) = -i**3 + 8*i**2 + i + 4. Let z = -18 + 137. What is the remainder when z is divided by h(8)?
11
Let g(w) = 15*w**2 + w + 1. Calculate the remainder when g(-2) is divided by -15*(4/(-4))/1.
14
Let v = 464 - 427. What is the remainder when v is divided by 28?
9
Let w(j) = 3*j**3 - 5*j**2 + 3*j - 3. Suppose 28 - 10 = 6*g. Suppose 10*l - 153 + g = 0. Calculate the remainder when w(3) is divided by l.
12
Let f = -65 - -7. What is the remainder when 4/12 + -8*f/12 is divided by 8?
7
Suppose 2*i - 10 = -g + 6*i, -2*i - 4 = 0. Let s = g + 30. What is the remainder when s is divided by 11?
10
Suppose -62*m + 70 = -2038. Calculate the remainder when m is divided by 22.
12
Suppose o + 2*n - 9 = 0, -4*n + 9 = 3*o - 12. Let p(t) = 3*t - o - 1 + 4*t**3 + 2*t**3 + 1. What is the remainder when p(2) is divided by 13?
12
What is the remainder when 378 is divided by (-1 + (4 - -1))*(-285)/(-114)?
8
Let h(b) = -b + 2. Let p be h(-11). What is the remainder when (-4 - -2*p) + 4 is divided by 14?
12
Suppose 9 = -5*p - 4*p. Calculate the remainder when 65 is divided by (1/p)/(8/(-136)).
14
Suppose 414*o - 413*o - 24 = -3*h, 5*o = -4*h + 10. Suppose 2*n = -0*n + 98. Calculate the remainder when n is divided by h.
9
Suppose u - 249 = -3*f - 3*u, 5*f + 5*u - 415 = 0. Suppose 82*n = f*n - 13. What is the remainder when 29 is divided by n?
3
Suppose 3*c - 4*c - 1 = 0. Let p be 0/((-2)/c + -4). Suppose -a - 4*y + 22 + 23 = 0, 3*a + 4*y - 95 = p. Calculate the remainder when a is divided by 7.
4
Let f = -182 - -227. What is the remainder when f is divided by 16?
13
Let a = 130 + -113. Suppose 8*y - 231 = a. What is the remainder when y is divided by 7 + (2 + -1)/1?
7
Suppose 4 = -2*r + 22. Suppose -9*v = 5*v - 210. Calculate the remainder when v is divided by r.
6
Suppose -10*a + 6*a = -28. Let y = -2 - -3. Calculate the remainder when y is divided by (1 - -1) + (-7)/(49/a).
0
Suppose -n + 5 = -6*n + 2*s, -37 = 4*n + 5*s. Calculate the remainder when (7 - 8)/(n/174) is divided by 20.
18
Let d be (9/6)/(1/2). Suppose -3*f + d*s + 12 = 0, 0 = 3*f + 2*f + 4*s - 47. Suppose -4*x + 67 = -5. What is the remainder when x is divided by f?
4
Suppose 3*l - 40 = -o, 2*o + 2*o - 48 = -4*l. Calculate the remainder when 52 is divided by l.
10
What is the remainder when (-724)/(-26) + (-6)/(-39) is divided by 4?
0
Suppose 7*v + 4*b - 884 = 5*v, -3*b - 1790 = -4*v. Let c = v - 277. Calculate the remainder when c is divided by 43.
40
Let q = 252 - 66. What is the remainder when q is divided by 27?
24
Calculate the remainder when 2888/14 - 78/273 is divided by 35.
31
Suppose 4*f = -5*c + 133, -63 = -3*c - 2*f + 16. Calculate the remainder when 118 is divided by c.
18
Suppose 5*k = -k + 1248. Calculate the remainder when k is divided by 35.
33
Let p(a) = -9*a - 18. Calculate the remainder when p(-12) is divided by 80.
10
Suppose o = 12 - 12. Suppose o = -x - 0*x + 27. Calculate the remainder when 79 is divided by x.
25
Let o = -8 + 16. Suppose -2*m - o = 0, 33 = 3*i + m - 11. Suppose -5*w + 190 = 5*l, -4*w - 2*l = i - 176. Calculate the remainder when w is divided by 15.
12
Let w(b) = 7*b**2 - 15*b - 16. Calculate the remainder when 15 is divided by w(-1).
3
Let y(v) = v**2 - 10*v + 7. Calculate the remainder when 286 is divided by y(11).
16
Suppose 0 = 5*a - 55 - 45. Calculate the remainder when a is divided by 8 - 0 - 0*(-7)/(-21).
4
Suppose -2*b = -38 - 32. Calculate the remainder when 57 is divided by (-4)/10 + 1064/b.
27
Let q = 25 - 15. What is the remainder when 57 is divided by q/(11/3 - (-6)/(-2))?
12
Let l(p) = -p**3 - 37*p**2 + 5. What is the remainder when 23 is divided by l(-37)?
3
Suppose 0 = 3*w - w + 4*r + 26, 3*w - r = -60. Let i = 36 + w. Calculate the remainder when 64 is divided by i.
13
Let g(x) = 11*x - 9. Suppose 0 = 5*w + 3*w - 24. What is the remainder when 93 is divided by g(w)?
21
Let n be -3*(0/(2 - 1) - 2). Suppose -n*g = -2*g - 176. Calculate the remainder when g is divided by (-2)/(-3) - 67/(-3).
21
Let b = -7 + 9. Suppose -16 = 6*k - 2*k, -3*s - b*k = 41. What is the remainder when 46 is divided by 2 - s*(1 - -1)?
22
Let j = -16 + 65. Let q(p) = -88*p - 691. Calculate the remainder when j is divided by q(-8).
10
What is the remainder when 2 + -7 + 2 + 83 + 8 is divided by 5?
3
Suppose -4*u = -0*u - 32. Suppose -r = 4*h - u, 9 = r + 5*h - 0*h. Calculate the remainder when r is divided by 1.
0
Let p(i) = 2*i**2 - 16*i - 1. Suppose 12 = 5*q - 48. What is the remainder when p(q) is divided by 12?
11
Let i(j) = 3*j + 41. Calculate the remainder when 254 is divided by i(-3).
30
Let u(d) = 3*d**3 - 4*d**2 - 6*d + 10. Let w be u(4). Let q(p) = 9*p - 7. What is the remainder when (w/2)/(8 - 7) is divided by q(4)?
28
Let r(t) = -8*t**2 + 2 + 4*t**2 + 5*t**2. What is the remainder when 47 is divided by r(-4)?
11
Suppose -3*d = 5*v - 2*d - 233, 102 = 2*v - 4*d. Let y(f) = 5*f - 3. Let i = -4 + 7. Calculate the remainder when v is divided by y(i).
11
Let s(j) = 98*j - 12. Let l be s(-16). What is the remainder when ((1/2)/(5/l))/(-2) is divided by 41?
38
Suppose 0 = 3*y + 2*y. Let w be (-2304)/12 - (0 - y). Let s = -131 - w. Calculate the remainder when s is divided by 21.
19
Suppose 90 = 5*d + 85. What is the remainder when 5 is divided by 2/d + -7 + 9?
1
Suppose 117 - 20 = g + 4*w, -4*g = -3*w - 350. Calculate the remainder when g is divided by 15.
14
Suppose -292 = 3*h - g - 825, -5*h + 886 = -4*g. Suppose -2*c + 0*c = -5*d + h, 3*c - 90 = -3*d. Calculate the remainder when d is divided by 6.
4
Suppose -3*v + 6 - 15 = 0. Let y = v - -22. Calculate the remainder when y is divided by 7.
5
Let q = -1173 - -1193. Let f(y) = 4*y**2 + 2*y + 1. Calculate the remainder when q is divided by f(-1).
2
Let d = 33 - 36. Let q(w) = -2*w**3 - 6*w**2 - 2*w + 1. Calculate the remainder when 12 is divided by q(d).
5
Suppose 0 = -4*u + 106 + 22. Suppose 5*y + 12*w - 288 = 16*w, 2*y + 3*w - 83 = 0. Calculate the remainder when y is divided by u.
20
Let n = 10 - 1. Suppose -2*u + n = -u - 5*b, 3*u = 3*b + 3. What is the remainder when u + 8 + 0/1 is divided by 5?
2
Let t(d) = -d**2 + 8*d + 1. Suppose -2*p = 3*k - 13, -5*k + 23 + 4 = -2*p. Suppose -3 - 17 = -k*s. What is the remainder when t(6) is divided by s?
1
Let o = -65 + 134. Calculate the remainder when 482 is divided by o.
68
Let u be -1*((-159)/(-3))/(-1). Let x = u - 34. What is the remainder when 113 is divided by x?
18
Suppose 15*g - 266 = g. Suppose -5*b = -g*b + 2534. What is the remainder when b is divided by 23?
20
Let j(g) = -2*g**3 - 6*g**2 + 2*g + 18. Calculate the remainder when 150 is divided by j(-4).
24
Let n be (1 - 7)/(3*(-2)/4). Let d(m) = m**3 + 8*m**2 + 6*m + 4. Let f be d(-7). Suppose k - f = -n. Calculate the remainder when k is divided by 2.
1
Let x = 10 - 4. Let r be (42/18 - 2/6) + 2. Suppose r*t = u + 73, -u + 2*u + 5 = 0. Calculate the remainder when t is divided by x.
5
Let f = 33 + 3. Suppose 0 = -4*y + 108 - f. Calculate the remainder when (-4)/(-16) + (-139)/(-4) is divided by y.
17
Suppose 0 = 5*u - 23*i + 18*i - 640, -u = i - 122. Calculate the remainder when u is divided by 3.
2
Suppose -29*j + 27 = -26*j. Let b(s) = s**3 - 9*s**2 + 9*s + 13. What is the remainder when b(j) is divided by 25?
19
Let c = -32 + 35. Suppose 65 = 8*u - c*u. Suppose -f + 6 = -1. What is the remainder when u is divided by f?
6
Suppose -5*o = -4*s - 460, 77 = 4*o - 5*s - 291. Calculate the remainder when 642 is divided by o.
90
Let p = -134 - -192. Calculate the remainder when 173 is divided by p.
57
Let n = -4236 + 4248. What is the remainder when (-2)/((-4)/2) - -32 is divided by n?
9
Let i = 201 + -167. Calculate the remainder when 337 is divided by i.
31
Suppose 2*i = 29 - 3. Calculate the remainder when ((-1)/4)/((-33)/3300) is divided by i.
12
Let g(d) = 21*d**2 - d. Calculate the remainder when 39 is divided by g(1).
19
Let w = -909 + 930. Let s = 372 - 247. What is the remainder when s is divided by w?
20
Suppose 484 = 3*d + 145. Suppose 3*m + p - 103 = -0*p, -3*